k**2 - 5*k + 1. Let g(f) = 8*f**3 - 3*f**2 - 867*f + 867. Let c be g(1). Determine j(c).
-25
Let s(o) = -o - 51. Let q(h) = 2*h + 255. Let b(t) = 2*q(t) + 11*s(t). Calculate b(-5).
-16
Let o(m) = -m**3 + 14*m**2 - 125*m + 1208. Let a be o(12). Let b(l) = -9*l - 41. What is b(a)?
-5
Let c(x) be the second derivative of x**6/720 - x**5/40 + x**4/12 + 2*x**3/3 - 9*x + 3. Let m(z) be the third derivative of c(z). Give m(6).
3
Let r(s) = -28*s - 11. Let b(m) = -136*m - 58. Let y(x) = 2*b(x) - 11*r(x). Determine y(2).
77
Let v(c) = -c**3 - 6*c**2 - 4*c - 5. Suppose 4*t - 400 = -2*u, -u + 5*t + 181 = 16. Suppose z - u = 39*z. Give v(z).
-10
Let v = -824 - -830. Let i(t) = -27*t**2 + 3*t + 0 + 8*t**2 + 12*t**2 + v*t**2 - 1. Let w(y) = -2*y - 2. Let r be w(-2). Determine i(r).
1
Let o(q) = q**2 + 36*q + 9. Let y = -11806 - -11770. Determine o(y).
9
Let k(a) = -a**3 - a**2 + 3*a + 3. Suppose -421 = 9*j - 4903. Let v = j + -496. Give k(v).
-3
Let i(m) = -2*m**2 - 76560*m + 76562*m - m**2 - 24 + 4*m**2. Calculate i(-5).
-9
Let h(b) = b**2 + 2*b - 11. Let y(w) = -4*w**2 - 5*w + 5. Suppose -5*p = -291 + 286. Let c be y(p). What is h(c)?
-3
Let u(f) = -f**3 - 7*f**2 - 13*f + 4. Let h be u(-4). Suppose -3*z - 3 = h*t - 7*t, 3*t - 2*z = -31. Let s(m) = -m - 20. Determine s(t).
-11
Let j(n) be the second derivative of n**4/3 - 14*n**3/3 - 7*n**2/2 - 52*n + 26. Determine j(7).
-7
Let y(k) = -k**3 + 2*k**2 + 3*k + 1. Let o(g) = 13*g + 21. Let l be o(3). Let n be l/24*32/10. Let w be (6/n)/(1/(12/3)). Give y(w).
1
Let g(p) = 122*p - 487. Let f be g(4). Let o(c) be the second derivative of -23*c**3/6 + c. Give o(f).
-23
Let z = 6 + -1. Let f(j) = -142*j - 9. Let s(y) = -47*y - 4. Let n(d) = -f(d) + 3*s(d). Calculate n(z).
2
Suppose 2*x + 78 - 92 = 0. Let o(m) = 25 + 26 + 9*m + 47 - 2*m**2 - 95. What is o(x)?
-32
Suppose p = 2*w + 6, -5*w + 9*w + 20 = 4*p. Let z(l) = 3*l**3 - 3*l**2 + l + 2. Calculate z(w).
-5
Let d(b) = 7*b**3 + 19*b**2 - 4*b + 5. Let a(t) = t**3 + 3*t**2 - t. Let w(l) = -6*a(l) + d(l). Calculate w(0).
5
Suppose -10*p + p + 15*p - 6 = 0. Let w(y) = -3*y**3 - 5*y + 4. What is w(p)?
-4
Suppose -u + 2 = w, u + 0*w - 4*w = 17. Let z(n) be the third derivative of n**5/60 - n**4/3 + n**3/2 + 49716*n**2 + 2*n. Give z(u).
-12
Let k = 8 - 16. Let f(r) = -3*r**2 + 10*r + 13*r**2 + 8 + 7*r**2 - 32*r**2 + 16*r**2. What is f(k)?
-8
Let a = 12367 - 12374. Let x(d) = -16*d - 112. Give x(a).
0
Let k(f) = -2*f**3 - f**2 + 54*f - 53. Let t be k(1). Let p(q) = 17*q + 35. Determine p(t).
1
Let s(r) = r**3 + 11*r**2 + 11*r + 10. Let g be s(-10). Suppose -t = -36 + 37, g = x - t + 2. Let b(a) = -a**3 - 4*a**2 + 3*a - 2. Determine b(x).
-20
Suppose 0 = -13*h + 4*h - 540. Let a be 4/(-10) - 384/h. Let q(o) = -a + 2*o + 2 + 2*o**2 - 1 + 4. Calculate q(-4).
23
Let a(p) = 78*p + 68*p - 10 + 4 - 150*p - 5*p**2. What is a(4)?
-102
Let o be (-17 - -22 - 25) + 51. Let d(z) = z**2 - 37*z + 175. Give d(o).
-11
Let j(y) be the third derivative of y**4/12 - 5*y**3/6 - 827*y**2. Calculate j(5).
5
Let c(f) = -4*f**2 + 247*f - 247*f. Let u(z) = -z**2 - 2*z + 4. Let s be u(-3). Let m be (s/(-4) - 0) + (-21)/28. What is c(m)?
-4
Suppose -5305*i = -5303*i + 18. Let c(m) = 5*m - 15. Let g(s) = s - 1. Let b(z) = c(z) - 6*g(z). Give b(i).
0
Suppose h = -2, -y = -3*y + 2*h - 52. Let l = y + -5. Let z = 33 + l. Let n(b) = -b**3 - b**2 + 1. Calculate n(z).
1
Suppose 0 = -4*m - r + 575, -3*m - 3*r = 2*m - 717. Suppose m = -9*a + 171. Let v(i) = 3*i**2 - 4*i. Calculate v(a).
15
Let o(t) = t - 1. Let d(x) be the second derivative of -x**4/12 - 7*x**3/6 - 3*x**2 - 14*x + 1. Let z be d(-3). Give o(z).
5
Let j(p) = -p**3 + 14*p**2 + p - 12. Let q be j(14). Suppose -q = 4*w + 2. Let x be w/(8/(-2)) - (-34)/(-8). Let b(z) = -3*z - 1. Calculate b(x).
11
Suppose -29*b + 2 = 2*r - 32*b, -5*b - 25 = r. Let h(w) = -w**3 - 4*w**2 + 6*w - 6. Calculate h(r).
-11
Let h(m) = -44*m**3 + 8*m**2 - 6*m + 3. Let v(w) = 58*w**3 - 9*w**2 + 5*w - 2. Let i(c) = -4*h(c) - 3*v(c). Calculate i(3).
30
Suppose 3*i - 1590 = -7*i. Let z = i - 157. Let k(u) = -2*u**2 + 1. Calculate k(z).
-7
Let w = -2 - -1. Let g(f) be the first derivative of -5*f**4/4 - 2*f**3/3 - f**2 - f - 41838. Calculate g(w).
4
Let z(v) be the first derivative of v**4/6 + 2*v**3/3 + 2*v**2 + 37*v - 16. Let d(w) be the first derivative of z(w). Calculate d(-3).
10
Let l be (85 - 95)*(-3)/(-5). Let w(d) = d**3 + 6*d**2 - 2*d - 10. Calculate w(l).
2
Let u(l) = 19*l + 34. Suppose -6 = -5*w - 3*f, 64*w - 61*w + f - 2 = 0. What is u(w)?
34
Let x(g) = 2*g - 17. Let y be x(7). Let r(d) = 312*d - 625*d - 2 + 312*d + 2 - 4. Calculate r(y).
-1
Let f(z) be the third derivative of 109*z**2 + 0*z + 1/8*z**4 + 1/120*z**6 + 0 - 1/20*z**5 + 1/6*z**3. Give f(3).
10
Suppose 9 = -3*m - 0. Let w(j) be the second derivative of -j**5/20 - j**4/4 - j**3/3 - j**2 + 3445*j + 1. Give w(m).
4
Suppose -3*b + 13 = -g + 11, -20 = -4*b - 3*g. Let r = -2 + 6. Let p(z) = b*z + r - z + z + 2. Give p(-4).
-2
Let o(y) = 26*y**2 - 10*y**2 - 12*y**2 - 4*y - 5*y**2. Suppose 283*s - 279*s = -24. Give o(s).
-12
Let x(i) = 34*i + 3808. Let a be x(-112). Let t(y) = -y**2 + y - 37. Give t(a).
-37
Let f(u) = -9*u**2. Let c = 24544 + -24545. What is f(c)?
-9
Let f(z) = -z**2 + 3*z. Let h be f(4). Suppose -7*p + 26 - 12 = 0. Let s(v) = 1 + p - 3 + v - 2. Determine s(h).
-6
Let s(u) = -11*u - 8. Let a(z) = z**2 + 200*z - 1669. Let f be a(8). Give s(f).
47
Suppose -2 = -l, 5 + 6 = -5*j + 3*l. Let c be -1*3*j + (53 - 50). Let f(x) = -x + 7. Determine f(c).
1
Let a(j) = -j + 16. Let l be a(9). Let v(g) be the second derivative of -g**3/3 + 13*g**2/2 - 110*g. Let c(n) = n - 7. Let z(k) = l*c(k) + 4*v(k). Give z(5).
-2
Suppose 3*d = 10 + 2. Let c be ((-4)/(-14))/(3*d/168). Let o(q) be the second derivative of q**3/2 - 3*q**2/2 + 6*q. What is o(c)?
9
Let u(y) = 2*y**2 + 6*y + 6. Suppose -15303 + 15292 = 11*m. What is u(m)?
2
Let f be (34/(-51))/((-338)/(-114) - 3). Let i(d) = 5*d + 8. Calculate i(f).
103
Let j(b) be the second derivative of 2*b**3/3 + 12*b**2 - 1140*b. What is j(-9)?
-12
Let o(r) be the third derivative of -r**4/24 + r**3 - 100*r**2 + 9. Calculate o(-7).
13
Let k(b) = -5*b**2 + 164 + 3*b**2 - 33*b - 133 + 3*b**2. Give k(32).
-1
Let m = -38 + 21. Let h = -12 - m. Let g(r) = -4*r - 13*r**2 + 2*r**2 + h*r**2 + 2 + 5*r**2. Calculate g(-4).
2
Let t(s) be the second derivative of 7*s**4/12 - 17*s**3/3 + 6*s**2 + 401*s - 1. What is t(5)?
17
Suppose 5*a = 3*q + 13843 - 2062, -3*a + 3*q + 7071 = 0. Let i(b) = -a - 10*b + b**2 - 2346 + 4695. Determine i(11).
5
Let t be (2/20)/((9/36)/(40/16)). Let m(k) = -90*k**2 + k. What is m(t)?
-89
Let c(r) = -2*r**2 + 2 + r - 5*r - 4*r + 11*r. Let b = -19 + 21. Let j be (-1)/1 + (b - -2). Calculate c(j).
-7
Let h(l) be the second derivative of -3*l**3/2 - 495*l - 1. Determine h(-1).
9
Suppose 5*g + 4*w - 8*w = 19, 0 = 2*g - 2*w - 8. Let d(j) = j**3 - 14*j + 4. What is d(g)?
-11
Suppose -4*r + r = -v + 6, 5*v - 5*r = 70. Let q be (-16)/(-5) - v/90. Let m(w) = -3*w + 4 + 74*w**3 + 4*w + 3*w**2 - 75*w**q. Give m(4).
-8
Let j(d) = -2*d + 46. Let c be j(12). Let g(n) = -5*n + n - 14 + c + 2*n**2 - 11. Give g(4).
13
Let j(z) = -6*z - 4. Suppose 0 = 510*f - 511*f - 7. Let i(p) = -p**3 - 7*p**2 + p + 3. Let r be i(f). Determine j(r).
20
Let t(o) = -o**3 + 2*o**2 + 3*o. Suppose 3*c - 629 = -2*l, -4*l - 646 = -3*c - 41. Let b = 210 - c. What is t(b)?
0
Let x be (-1)/(8/(-10) + 24/40). Let a be x + -4 + 24/6. Let i(w) = w**3 - 4*w**2 - 4*w + 4. Give i(a).
9
Let f(g) = 16*g**3 - g**2 - g + 1. Suppose 52 = -14*w + 13*w. Let j = -50 - w. Suppose j = 5*r - 3. Determine f(r).
15
Let b be 0 - -7 - (25 - 13)*8/6. Let f(q) = -74*q - 674. Give f(b).
-8
Suppose -s + 25 = -2. Let q = s + -24. Let k(y) = -5*y**3 + 18*y**3 - 1 - 2*y - y**q. What is k(-1)?
-11
Let n(o) = 55*o**2 + 77*o - 10. Let b(d) = -10*d**2 + 2. Let w(h) = 4*b(h) + n(h). Calculate w(-5).
-12
Let m(z) = -z**3 - 5*z**2 + 7*z + 7. Suppose -3904*b + 3885*b - 95 = 0. Determine m(b).
-28
Let t(g) = 9*g**2 + 8*g - 33. Let b(m) = 7*m**2 + 10*m - 32. Let w(l) = 5*b(l) - 4*t(l). What is w(8)?
52
Let r(f) = 2*f**3 + 3*f**2 + f + 2. Let n be 222/(-4) - (-5)/(-10). Let y = -52 - n. Suppose -20 = 8*w - y. Calculate r(w).
-4
Sup